is divided by 8.
5
What is the remainder when 2128 is divided by 18?
4
Calculate the remainder when 249 is divided by 28.
25
Calculate the remainder when 205 is divided by 53.
46
What is the remainder when 69 is divided by 10?
9
What is the remainder when 209 is divided by 43?
37
Calculate the remainder when 1502 is divided by 747.
8
Calculate the remainder when 3735 is divided by 12.
3
Calculate the remainder when 172 is divided by 11.
7
Calculate the remainder when 215 is divided by 25.
15
Calculate the remainder when 107 is divided by 38.
31
What is the remainder when 137 is divided by 50?
37
What is the remainder when 289 is divided by 57?
4
What is the remainder when 201 is divided by 102?
99
Calculate the remainder when 314 is divided by 134.
46
Calculate the remainder when 1070 is divided by 211.
15
What is the remainder when 89 is divided by 32?
25
Calculate the remainder when 375 is divided by 262.
113
Calculate the remainder when 6605 is divided by 59.
56
What is the remainder when 129 is divided by 5?
4
What is the remainder when 2455 is divided by 27?
25
What is the remainder when 375 is divided by 185?
5
Calculate the remainder when 64 is divided by 25.
14
What is the remainder when 239 is divided by 63?
50
What is the remainder when 73 is divided by 28?
17
Calculate the remainder when 71 is divided by 7.
1
What is the remainder when 110 is divided by 66?
44
What is the remainder when 91 is divided by 38?
15
What is the remainder when 185 is divided by 51?
32
Calculate the remainder when 81 is divided by 34.
13
Calculate the remainder when 318 is divided by 15.
3
Calculate the remainder when 112 is divided by 19.
17
What is the remainder when 46 is divided by 26?
20
What is the remainder when 85 is divided by 51?
34
Calculate the remainder when 5337 is divided by 281.
279
Calculate the remainder when 414 is divided by 151.
112
What is the remainder when 93 is divided by 39?
15
What is the remainder when 2342 is divided by 51?
47
What is the remainder when 18883 is divided by 11?
7
What is the remainder when 268 is divided by 15?
13
Calculate the remainder when 59 is divided by 23.
13
What is the remainder when 382 is divided by 66?
52
What is the remainder when 505 is divided by 247?
11
What is the remainder when 151 is divided by 14?
11
Calculate the remainder when 80 is divided by 18.
8
What is the remainder when 183 is divided by 24?
15
What is the remainder when 2041 is divided by 92?
17
Calculate the remainder when 113 is divided by 28.
1
What is the remainder when 138 is divided by 113?
25
What is the remainder when 82 is divided by 22?
16
What is the remainder when 6421 is divided by 29?
12
What is the remainder when 357 is divided by 53?
39
What is the remainder when 76 is divided by 45?
31
Calculate the remainder when 954 is divided by 171.
99
What is the remainder when 87 is divided by 23?
18
What is the remainder when 346 is divided by 76?
42
What is the remainder when 630 is divided by 73?
46
What is the remainder when 189 is divided by 67?
55
What is the remainder when 43789 is divided by 92?
89
What is the remainder when 40 is divided by 14?
12
Calculate the remainder when 198 is divided by 4.
2
Calculate the remainder when 318 is divided by 157.
4
What is the remainder when 1086 is divided by 295?
201
What is the remainder when 717 is divided by 60?
57
Calculate the remainder when 166 is divided by 40.
6
What is the remainder when 1059 is divided by 20?
19
Calculate the remainder when 3913 is divided by 13.
0
Calculate the remainder when 341 is divided by 58.
51
What is the remainder when 362 is divided by 109?
35
Calculate the remainder when 59 is divided by 49.
10
Calculate the remainder when 28 is divided by 25.
3
What is the remainder when 5710 is divided by 112?
110
What is the remainder when 342 is divided by 69?
66
What is the remainder when 930 is divided by 184?
10
What is the remainder when 2745 is divided by 11?
6
What is the remainder when 1076 is divided by 42?
26
What is the remainder when 176 is divided by 67?
42
What is the remainder when 205 is divided by 16?
13
Calculate the remainder when 298 is divided by 30.
28
Calculate the remainder when 1717 is divided by 20.
17
What is the remainder when 41 is divided by 25?
16
Calculate the remainder when 26 is divided by 9.
8
Calculate the remainder when 589 is divided by 33.
28
Calculate the remainder when 136 is divided by 20.
16
Calculate the remainder when 24893 is divided by 100.
93
What is the remainder when 97 is divided by 63?
34
Calculate the remainder when 3681 is divided by 127.
125
What is the remainder when 252 is divided by 24?
12
What is the remainder when 70 is divided by 30?
10
Calculate the remainder when 190 is divided by 12.
10
What is the remainder when 171 is divided by 87?
84
Calculate the remainder when 127 is divided by 13.
10
What is the remainder when 118 is divided by 10?
8
What is the remainder when 923 is divided by 134?
119
Calculate the remainder when 445 is divided by 14.
11
Calculate the remainder when 146 is divided by 42.
20
Calculate the remainder when 414 is divided by 26.
24
Calculate the remainder when 240 is divided by 68.
36
Calculate the remainder when 374 is divided by 29.
26
What is the remainder when 429 is divided by 104?
13
Calculate the remainder when 780 is divided by 441.
339
Calculate the remainder when 334 is divided by 24.
22
What is the remainder when 207 is divided by 173?
34
Calculate the remainder when 471 is divided by 59.
58
What is the remainder when 1247 is divided by 26?
25
What is the remainder when 996 is divided by 51?
27
Calculate the remainder when 204 is divided by 90.
24
Calculate the remainder when 969 is divided by 9.
6
What is the remainder when 813 is divided by 91?
85
Calculate the remainder when 275 is divided by 23.
22
Calculate the remainder when 1615 is divided by 401.
11
Calculate the remainder when 2932 is divided by 18.
16
What is the remainder when 92 is divided by 11?
4
Calculate the remainder when 33 is divided by 3.
0
Calculate the remainder when 567 is divided by 15.
12
Calculate the remainder when 3757 is divided by 8.
5
What is the remainder when 57 is divided by 14?
1
What is the remainder when 420 is divided by 205?
10
Calculate the remainder when 147 is divided by 45.
12
Calculate the remainder when 925 is divided by 15.
10
Calculate the remainder when 1867 is divided by 7.
5
What is the remainder when 326 is divided by 68?
54
What is the remainder when 215 is divided by 36?
35
Calculate the remainder when 3579 is divided by 51.
9
What is the remainder when 1885 is divided by 18?
13
What is the remainder when 7432 is divided by 7416?
16
Calculate the remainder when 4409 is divided by 48.
41
Calculate the remainder when 348 is divided by 16.
12
What is the remainder when 40 is divided by 15?
10
What is the remainder when 151 is divided by 27?
16
Calculate the remainder when 231 is divided by 83.
65
Calculate the remainder when 1402 is divided by 140.
2
What is the remainder when 329 is divided by 117?
95
What is the remainder when 8132 is divided by 166?
164
Calculate the remainder when 5631 is divided by 32.
31
Calculate the remainder when 270 is divided by 89.
3
What is the remainder when 106 is divided by 70?
36
What is the remainder when 201 is divided by 38?
11
What is the remainder when 163 is divided by 19?
11
What is the remainder when 229 is divided by 30?
19
What is the remainder when 8116 is divided by 33?
31
Calculate the remainder when 724 is divided by 26.
22
Calculate the remainder when 4879 is divided by 20.
19
What is the remainder when 245 is divided by 40?
5
What is the remainder when 2401 is divided by 144?
97
Calculate the remainder when 9723 is divided by 26.
25
What is the remainder when 242 is divided by 7?
4
Calculate the remainder when 243 is divided by 82.
79
Calculate the remainder when 208 is divided by 42.
40
Calculate the remainder when 251 is divided by 56.
27
Calculate the remainder when 112 is divided by 100.
12
Calculate the remainder when 90 is divided by 51.
39
What is the remainder when 3072 is divided by 43?
19
What is the remainder when 1327 is divided by 115?
62
What is the remainder when 9882 is divided by 96?
90
Calcula